{"id":5381,"date":"2022-03-15T17:52:40","date_gmt":"2022-03-15T16:52:40","guid":{"rendered":"https:\/\/solution-machine-soft.fr\/?page_id=5381"},"modified":"2026-02-05T17:10:00","modified_gmt":"2026-02-05T16:10:00","slug":"wfl-tour-fraiseur-multifonctions","status":"publish","type":"page","link":"https:\/\/solution-machine-soft.fr\/index.php\/wfl-tour-fraiseur-multifonctions\/","title":{"rendered":"WFL Tour Fraiseur Multifonctions"},"content":{"rendered":"\t\t<div data-elementor-type=\"wp-page\" data-elementor-id=\"5381\" class=\"elementor elementor-5381\" data-elementor-post-type=\"page\">\n\t\t\t\t\t\t<section class=\"elementor-section elementor-top-section elementor-element elementor-element-eec931f elementor-section-boxed elementor-section-height-default elementor-section-height-default\" data-id=\"eec931f\" data-element_type=\"section\" data-e-type=\"section\">\n\t\t\t\t\t\t<div class=\"elementor-container elementor-column-gap-default\">\n\t\t\t\t\t<div class=\"elementor-column elementor-col-100 elementor-top-column elementor-element elementor-element-e6aa863\" data-id=\"e6aa863\" data-element_type=\"column\" data-e-type=\"column\">\n\t\t\t<div class=\"elementor-widget-wrap elementor-element-populated\">\n\t\t\t\t\t\t<div class=\"elementor-element elementor-element-1ebf162 elementor-widget elementor-widget-image\" data-id=\"1ebf162\" data-element_type=\"widget\" data-e-type=\"widget\" data-widget_type=\"image.default\">\n\t\t\t\t<div class=\"elementor-widget-container\">\n\t\t\t\t\t\t\t\t\t\t\t\t\t\t\t<img decoding=\"async\" width=\"300\" height=\"114\" src=\"https:\/\/solution-machine-soft.fr\/wp-content\/uploads\/2022\/03\/logo-WFL-tour-fraiseur-multifonctions-copie-300x114.jpg\" class=\"attachment-medium size-medium wp-image-5389\" alt=\"\" srcset=\"https:\/\/solution-machine-soft.fr\/wp-content\/uploads\/2022\/03\/logo-WFL-tour-fraiseur-multifonctions-copie-300x114.jpg 300w, https:\/\/solution-machine-soft.fr\/wp-content\/uploads\/2022\/03\/logo-WFL-tour-fraiseur-multifonctions-copie-768x291.jpg 768w, https:\/\/solution-machine-soft.fr\/wp-content\/uploads\/2022\/03\/logo-WFL-tour-fraiseur-multifonctions-copie.jpg 800w\" sizes=\"(max-width: 300px) 100vw, 300px\" \/>\t\t\t\t\t\t\t\t\t\t\t\t\t\t\t<\/div>\n\t\t\t\t<\/div>\n\t\t\t\t<div class=\"elementor-element elementor-element-267889b elementor-widget elementor-widget-spacer\" data-id=\"267889b\" data-element_type=\"widget\" data-e-type=\"widget\" data-widget_type=\"spacer.default\">\n\t\t\t\t<div class=\"elementor-widget-container\">\n\t\t\t\t\t\t\t<div class=\"elementor-spacer\">\n\t\t\t<div class=\"elementor-spacer-inner\"><\/div>\n\t\t<\/div>\n\t\t\t\t\t\t<\/div>\n\t\t\t\t<\/div>\n\t\t\t\t<div class=\"elementor-element elementor-element-1a5d6c4 elementor-widget elementor-widget-heading\" data-id=\"1a5d6c4\" data-element_type=\"widget\" data-e-type=\"widget\" data-widget_type=\"heading.default\">\n\t\t\t\t<div class=\"elementor-widget-container\">\n\t\t\t\t\t<h2 class=\"elementor-heading-title elementor-size-default\">WFL MILLTURN Technologies<\/h2>\t\t\t\t<\/div>\n\t\t\t\t<\/div>\n\t\t\t\t\t<\/div>\n\t\t<\/div>\n\t\t\t\t\t<\/div>\n\t\t<\/section>\n\t\t\t\t<section class=\"elementor-section elementor-top-section elementor-element elementor-element-9632547 elementor-section-boxed elementor-section-height-default elementor-section-height-default\" data-id=\"9632547\" data-element_type=\"section\" data-e-type=\"section\">\n\t\t\t\t\t\t<div class=\"elementor-container elementor-column-gap-default\">\n\t\t\t\t\t<div class=\"elementor-column elementor-col-100 elementor-top-column elementor-element elementor-element-83f3814\" data-id=\"83f3814\" data-element_type=\"column\" data-e-type=\"column\">\n\t\t\t<div class=\"elementor-widget-wrap elementor-element-populated\">\n\t\t\t\t\t\t<div class=\"elementor-element elementor-element-0a07f83 elementor-widget elementor-widget-text-editor\" data-id=\"0a07f83\" data-element_type=\"widget\" data-e-type=\"widget\" data-widget_type=\"text-editor.default\">\n\t\t\t\t<div class=\"elementor-widget-container\">\n\t\t\t\t\t\t\t\t\t<p><strong>WFL, L\u2019INNOVATION AU C\u0152UR DE L\u2019ADN DE L\u2019ENTREPRISE DEPUIS PLUS DE 30 ANS.<\/strong><\/p>\n<p>Le concept est simple, il s&rsquo;agit de proposer une machine-outil capable de r\u00e9aliser l&rsquo;ensemble des t\u00e2ches n\u00e9cessaires pour la r\u00e9alisation de votre pi\u00e8ce. Une machine pour tout faire, m\u00eame du 5-axes.<\/p>\t\t\t\t\t\t\t\t<\/div>\n\t\t\t\t<\/div>\n\t\t\t\t\t<\/div>\n\t\t<\/div>\n\t\t\t\t\t<\/div>\n\t\t<\/section>\n\t\t\t\t<section class=\"elementor-section elementor-top-section elementor-element elementor-element-3036033 elementor-section-boxed elementor-section-height-default elementor-section-height-default\" data-id=\"3036033\" data-element_type=\"section\" data-e-type=\"section\">\n\t\t\t\t\t\t<div class=\"elementor-container elementor-column-gap-default\">\n\t\t\t\t\t<div class=\"elementor-column elementor-col-100 elementor-top-column elementor-element elementor-element-5bf5c53\" data-id=\"5bf5c53\" data-element_type=\"column\" data-e-type=\"column\">\n\t\t\t<div class=\"elementor-widget-wrap elementor-element-populated\">\n\t\t\t\t\t\t<div class=\"elementor-element elementor-element-0eb8d0c elementor-widget elementor-widget-video\" data-id=\"0eb8d0c\" data-element_type=\"widget\" data-e-type=\"widget\" data-settings=\"{&quot;youtube_url&quot;:&quot;https:\\\/\\\/www.youtube.com\\\/watch?v=-39wIGXFdWk&amp;ab_channel=WFLMillturnTechnologies&quot;,&quot;video_type&quot;:&quot;youtube&quot;,&quot;controls&quot;:&quot;yes&quot;}\" data-widget_type=\"video.default\">\n\t\t\t\t<div class=\"elementor-widget-container\">\n\t\t\t\t\t\t\t<div class=\"elementor-wrapper elementor-open-inline\">\n\t\t\t<div class=\"elementor-video\"><\/div>\t\t<\/div>\n\t\t\t\t\t\t<\/div>\n\t\t\t\t<\/div>\n\t\t\t\t\t<\/div>\n\t\t<\/div>\n\t\t\t\t\t<\/div>\n\t\t<\/section>\n\t\t\t\t<section class=\"elementor-section elementor-top-section elementor-element elementor-element-4a30163 elementor-section-boxed elementor-section-height-default elementor-section-height-default\" data-id=\"4a30163\" data-element_type=\"section\" data-e-type=\"section\">\n\t\t\t\t\t\t<div class=\"elementor-container elementor-column-gap-default\">\n\t\t\t\t\t<div class=\"elementor-column elementor-col-100 elementor-top-column elementor-element elementor-element-0415048\" data-id=\"0415048\" data-element_type=\"column\" data-e-type=\"column\">\n\t\t\t<div class=\"elementor-widget-wrap elementor-element-populated\">\n\t\t\t\t\t\t<div class=\"elementor-element elementor-element-934589c elementor-widget elementor-widget-spacer\" data-id=\"934589c\" data-element_type=\"widget\" data-e-type=\"widget\" data-widget_type=\"spacer.default\">\n\t\t\t\t<div class=\"elementor-widget-container\">\n\t\t\t\t\t\t\t<div class=\"elementor-spacer\">\n\t\t\t<div class=\"elementor-spacer-inner\"><\/div>\n\t\t<\/div>\n\t\t\t\t\t\t<\/div>\n\t\t\t\t<\/div>\n\t\t\t\t<div class=\"elementor-element elementor-element-7b5d7f0 elementor-widget elementor-widget-text-editor\" data-id=\"7b5d7f0\" data-element_type=\"widget\" data-e-type=\"widget\" data-widget_type=\"text-editor.default\">\n\t\t\t\t<div class=\"elementor-widget-container\">\n\t\t\t\t\t\t\t\t\t<p>WFL est une entreprise autrichienne cr\u00e9e en 1993, sp\u00e9cialis\u00e9e dans le tour fraiseur multifonctions. C\u2019est la seule entreprise au monde, qui d\u00e9veloppe et fabrique des centres d\u2019usinage complet. Les marques de fabrique de WFL sont\u00a0: la qualit\u00e9, la pr\u00e9cision et la fiabilit\u00e9 dans le temps. En rentrant dans l\u2019univers du tour fraiseur multifonctions WFL, vous acc\u00e9dez \u00e0 l\u2019excellence.<\/p>\n<p>Ces machines offrent une conception totalement innovante, puisque vous pourrez r\u00e9aliser l\u2019ensemble des taches n\u00e9cessaires \u00e0 la fabrication de votre pi\u00e8ce dans une seule et m\u00eame machine.<\/p>\n<p>WFL est l\u2019inventeur de la fameuse MILLTURN ou tour fraiseur multifonctions. La gestion de l\u2019usinage est centralis\u00e9e sur une seule machine. Vous r\u00e9aliserez un seul serrage lors de la mise en place du brut dans la machine. Une fois les portes de la machine ouvertes de nouveau, vous pourrez r\u00e9cup\u00e9rer une pi\u00e8ce int\u00e9gralement r\u00e9alis\u00e9e sur la m\u00eame machine. Serrez, une fois pour toutes\u00a0!<\/p>\n<h3><strong>Les machines WFL ont pour seules limites les v\u00f4tres.<\/strong><\/h3>\n<p>Leader mondial en mati\u00e8re d\u2019usinage int\u00e9gral, les machines WFL sont reconnues pour \u00eatre de haute pr\u00e9cision et de b\u00e9n\u00e9ficier d\u2019une rigidit\u00e9 incomparable. L\u2019ensemble structurel des machines est tout particuli\u00e8rement travaill\u00e9 afin d\u2019offrir une durabilit\u00e9 \u00e0 l\u2019\u00e9preuve du temps. Les machines WFL sont maintenant un symbole technologique reconnue dans le monde de la fabrication. Elles sont incontournables pour ceux qui souhaitent r\u00e9aliser des composants complexes et avoir la garantie d\u2019obtenir une haute pr\u00e9cision. La modularit\u00e9 des machines permet de s\u2019adapter \u00e0 tous les besoins des clients et ainsi positionner WFL comme le partenaire id\u00e9al des fabricants les plus exigeants.<\/p>\n<h3><strong>Un avantage concurrentiel pour les utilisateurs MILLTURN.<\/strong><\/h3>\n<p>En ayant la possibilit\u00e9 d\u2019effectuer un seul serrage pour r\u00e9aliser une pi\u00e8ce enti\u00e8re, les machines WFL se transforment en un v\u00e9ritable atout concurrentiel imbattable. Avec plus de 30\u00a0ans d\u2019exp\u00e9rience en mati\u00e8re d\u2019usinage int\u00e9gral, l\u2019entreprise WFL garantit \u00e0 ses clients les machines les plus efficaces et les plus fiables sur le march\u00e9.<\/p>\t\t\t\t\t\t\t\t<\/div>\n\t\t\t\t<\/div>\n\t\t\t\t\t<\/div>\n\t\t<\/div>\n\t\t\t\t\t<\/div>\n\t\t<\/section>\n\t\t\t\t<section class=\"elementor-section elementor-top-section elementor-element elementor-element-b1d2134 elementor-section-boxed elementor-section-height-default elementor-section-height-default\" data-id=\"b1d2134\" data-element_type=\"section\" data-e-type=\"section\">\n\t\t\t\t\t\t<div class=\"elementor-container elementor-column-gap-default\">\n\t\t\t\t\t<div class=\"elementor-column elementor-col-100 elementor-top-column elementor-element elementor-element-e3b90fe\" data-id=\"e3b90fe\" data-element_type=\"column\" data-e-type=\"column\">\n\t\t\t<div class=\"elementor-widget-wrap elementor-element-populated\">\n\t\t\t\t\t\t<div class=\"elementor-element elementor-element-f714df4 elementor-widget elementor-widget-image\" data-id=\"f714df4\" data-element_type=\"widget\" data-e-type=\"widget\" data-widget_type=\"image.default\">\n\t\t\t\t<div class=\"elementor-widget-container\">\n\t\t\t\t\t\t\t\t\t\t\t\t\t\t\t<img fetchpriority=\"high\" decoding=\"async\" width=\"768\" height=\"362\" src=\"https:\/\/solution-machine-soft.fr\/wp-content\/uploads\/2022\/03\/WFL-tour-fraiseur-multifonctions-M20-768x362.jpg\" class=\"attachment-medium_large size-medium_large wp-image-5406\" alt=\"\" srcset=\"https:\/\/solution-machine-soft.fr\/wp-content\/uploads\/2022\/03\/WFL-tour-fraiseur-multifonctions-M20-768x362.jpg 768w, https:\/\/solution-machine-soft.fr\/wp-content\/uploads\/2022\/03\/WFL-tour-fraiseur-multifonctions-M20-300x142.jpg 300w, https:\/\/solution-machine-soft.fr\/wp-content\/uploads\/2022\/03\/WFL-tour-fraiseur-multifonctions-M20.jpg 848w\" sizes=\"(max-width: 768px) 100vw, 768px\" \/>\t\t\t\t\t\t\t\t\t\t\t\t\t\t\t<\/div>\n\t\t\t\t<\/div>\n\t\t\t\t\t<\/div>\n\t\t<\/div>\n\t\t\t\t\t<\/div>\n\t\t<\/section>\n\t\t\t\t<section class=\"elementor-section elementor-top-section elementor-element elementor-element-109ade0 elementor-section-boxed elementor-section-height-default elementor-section-height-default\" data-id=\"109ade0\" data-element_type=\"section\" data-e-type=\"section\">\n\t\t\t\t\t\t<div class=\"elementor-container elementor-column-gap-default\">\n\t\t\t\t\t<div class=\"elementor-column elementor-col-100 elementor-top-column elementor-element elementor-element-630ba70\" data-id=\"630ba70\" data-element_type=\"column\" data-e-type=\"column\">\n\t\t\t<div class=\"elementor-widget-wrap elementor-element-populated\">\n\t\t\t\t\t\t<div class=\"elementor-element elementor-element-ae45964 elementor-widget elementor-widget-text-editor\" data-id=\"ae45964\" data-element_type=\"widget\" data-e-type=\"widget\" data-widget_type=\"text-editor.default\">\n\t\t\t\t<div class=\"elementor-widget-container\">\n\t\t\t\t\t\t\t\t\t<h2><strong>Une machine \u00e0 la pointe de la technologie, indispensable pour votre atelier.<\/strong><\/h2><p><strong>Dernier n\u00e9 de la gamme de produits propos\u00e9e par WFL, le M20 MILLTURN s\u2019adresse aux clients qui recherchent un centre de tournage-per\u00e7age-fraisage puissant mais compact. Les particularit\u00e9s de la machine sont sa grande stabilit\u00e9 ainsi que son concept int\u00e9gral de broche moteur, pour une ma\u00eetrise des technologies d\u2019usinage les plus exigeantes.<\/strong><\/p><p>WFL a regroup\u00e9 des d\u00e9cennies de savoir-faire en mati\u00e8re d\u2019usinage int\u00e9gral dans une machine au design et \u00e0 la technique in\u00e9dits. Le \u00ab Smart Machining \u00bb correspond \u00e0 toutes les innovations technologiques mises au point par WFL, qui, gr\u00e2ce \u00e0 toute une diversit\u00e9 de technologies d\u2019usinage, apportent un gain consid\u00e9rable de performance. Le spectre d\u2019applications du M20 est presque infini : il couvre en effet les t\u00e2ches d\u2019usinage exigeantes et complexes des industries a\u00e9ronautique, automobile et plastique, ainsi que de l\u2019ing\u00e9nierie industrielle.<\/p><p>Retrouvez toutes les informations sur la machine M20 sur le site de WFL France.<\/p>\t\t\t\t\t\t\t\t<\/div>\n\t\t\t\t<\/div>\n\t\t\t\t\t<\/div>\n\t\t<\/div>\n\t\t\t\t\t<\/div>\n\t\t<\/section>\n\t\t\t\t<section class=\"elementor-section elementor-top-section elementor-element elementor-element-e1100ad elementor-section-boxed elementor-section-height-default elementor-section-height-default\" data-id=\"e1100ad\" data-element_type=\"section\" data-e-type=\"section\">\n\t\t\t\t\t\t<div class=\"elementor-container elementor-column-gap-default\">\n\t\t\t\t\t<div class=\"elementor-column elementor-col-100 elementor-top-column elementor-element elementor-element-460546d\" data-id=\"460546d\" data-element_type=\"column\" data-e-type=\"column\">\n\t\t\t<div class=\"elementor-widget-wrap elementor-element-populated\">\n\t\t\t\t\t\t<div class=\"elementor-element elementor-element-4a625bd elementor-widget elementor-widget-image\" data-id=\"4a625bd\" data-element_type=\"widget\" data-e-type=\"widget\" data-widget_type=\"image.default\">\n\t\t\t\t<div class=\"elementor-widget-container\">\n\t\t\t\t\t\t\t\t\t\t\t\t\t\t\t<img decoding=\"async\" width=\"1024\" height=\"341\" src=\"https:\/\/solution-machine-soft.fr\/wp-content\/uploads\/2022\/03\/wfl-millturn-solution-machine-soft-1024x341.jpg\" class=\"attachment-large size-large wp-image-5410\" alt=\"\" srcset=\"https:\/\/solution-machine-soft.fr\/wp-content\/uploads\/2022\/03\/wfl-millturn-solution-machine-soft-1024x341.jpg 1024w, https:\/\/solution-machine-soft.fr\/wp-content\/uploads\/2022\/03\/wfl-millturn-solution-machine-soft-300x100.jpg 300w, https:\/\/solution-machine-soft.fr\/wp-content\/uploads\/2022\/03\/wfl-millturn-solution-machine-soft-768x256.jpg 768w, https:\/\/solution-machine-soft.fr\/wp-content\/uploads\/2022\/03\/wfl-millturn-solution-machine-soft.jpg 1200w\" sizes=\"(max-width: 1024px) 100vw, 1024px\" \/>\t\t\t\t\t\t\t\t\t\t\t\t\t\t\t<\/div>\n\t\t\t\t<\/div>\n\t\t\t\t\t<\/div>\n\t\t<\/div>\n\t\t\t\t\t<\/div>\n\t\t<\/section>\n\t\t\t\t<\/div>\n\t\t","protected":false},"excerpt":{"rendered":"<p>WFL MILLTURN Technologies WFL, L\u2019INNOVATION AU C\u0152UR DE L\u2019ADN DE L\u2019ENTREPRISE DEPUIS PLUS DE 30 ANS. Le concept est simple, il s&rsquo;agit de proposer une machine-outil capable de r\u00e9aliser l&rsquo;ensemble des t\u00e2ches n\u00e9cessaires pour la r\u00e9alisation de votre pi\u00e8ce. Une machine pour tout faire, m\u00eame du 5-axes. https:\/\/www.youtube.com\/watch?v=-39wIGXFdWk&#038;ab_channel=WFLMillturnTechnologies WFL est<\/p>\n","protected":false},"author":1,"featured_media":0,"parent":0,"menu_order":0,"comment_status":"closed","ping_status":"closed","template":"","meta":{"om_disable_all_campaigns":false,"_monsterinsights_skip_tracking":false,"_monsterinsights_sitenote_active":false,"_monsterinsights_sitenote_note":"","_monsterinsights_sitenote_category":0,"footnotes":""},"class_list":["post-5381","page","type-page","status-publish","hentry"],"yoast_head":"<!-- This site is optimized with the Yoast SEO plugin v27.2 - https:\/\/yoast.com\/product\/yoast-seo-wordpress\/ -->\n<title>WFL Tour Fraiseur Multifonctions - Solution Machine Soft<\/title>\n<meta name=\"robots\" content=\"index, follow, max-snippet:-1, max-image-preview:large, max-video-preview:-1\" \/>\n<link rel=\"canonical\" href=\"https:\/\/solution-machine-soft.fr\/index.php\/wfl-tour-fraiseur-multifonctions\/\" \/>\n<meta property=\"og:locale\" content=\"fr_FR\" \/>\n<meta property=\"og:type\" content=\"article\" \/>\n<meta property=\"og:title\" content=\"WFL Tour Fraiseur Multifonctions - Solution Machine Soft\" \/>\n<meta property=\"og:description\" content=\"WFL MILLTURN Technologies WFL, L\u2019INNOVATION AU C\u0152UR DE L\u2019ADN DE L\u2019ENTREPRISE DEPUIS PLUS DE 30 ANS. Le concept est simple, il s&rsquo;agit de proposer une machine-outil capable de r\u00e9aliser l&rsquo;ensemble des t\u00e2ches n\u00e9cessaires pour la r\u00e9alisation de votre pi\u00e8ce. Une machine pour tout faire, m\u00eame du 5-axes. https:\/\/www.youtube.com\/watch?v=-39wIGXFdWk&#038;ab_channel=WFLMillturnTechnologies WFL est\" \/>\n<meta property=\"og:url\" content=\"https:\/\/solution-machine-soft.fr\/index.php\/wfl-tour-fraiseur-multifonctions\/\" \/>\n<meta property=\"og:site_name\" content=\"Solution Machine Soft\" \/>\n<meta property=\"article:modified_time\" content=\"2026-02-05T16:10:00+00:00\" \/>\n<meta property=\"og:image\" content=\"https:\/\/solution-machine-soft.fr\/wp-content\/uploads\/2022\/03\/logo-WFL-tour-fraiseur-multifonctions-copie.jpg\" \/>\n\t<meta property=\"og:image:width\" content=\"800\" \/>\n\t<meta property=\"og:image:height\" content=\"303\" \/>\n\t<meta property=\"og:image:type\" content=\"image\/jpeg\" \/>\n<meta name=\"twitter:card\" content=\"summary_large_image\" \/>\n<meta name=\"twitter:label1\" content=\"Dur\u00e9e de lecture estim\u00e9e\" \/>\n\t<meta name=\"twitter:data1\" content=\"3 minutes\" \/>\n<script type=\"application\/ld+json\" class=\"yoast-schema-graph\">{\"@context\":\"https:\/\/schema.org\",\"@graph\":[{\"@type\":\"WebPage\",\"@id\":\"https:\/\/solution-machine-soft.fr\/index.php\/wfl-tour-fraiseur-multifonctions\/\",\"url\":\"https:\/\/solution-machine-soft.fr\/index.php\/wfl-tour-fraiseur-multifonctions\/\",\"name\":\"WFL Tour Fraiseur Multifonctions - Solution Machine Soft\",\"isPartOf\":{\"@id\":\"https:\/\/solution-machine-soft.fr\/#website\"},\"primaryImageOfPage\":{\"@id\":\"https:\/\/solution-machine-soft.fr\/index.php\/wfl-tour-fraiseur-multifonctions\/#primaryimage\"},\"image\":{\"@id\":\"https:\/\/solution-machine-soft.fr\/index.php\/wfl-tour-fraiseur-multifonctions\/#primaryimage\"},\"thumbnailUrl\":\"https:\/\/solution-machine-soft.fr\/wp-content\/uploads\/2022\/03\/logo-WFL-tour-fraiseur-multifonctions-copie-300x114.jpg\",\"datePublished\":\"2022-03-15T16:52:40+00:00\",\"dateModified\":\"2026-02-05T16:10:00+00:00\",\"breadcrumb\":{\"@id\":\"https:\/\/solution-machine-soft.fr\/index.php\/wfl-tour-fraiseur-multifonctions\/#breadcrumb\"},\"inLanguage\":\"fr-FR\",\"potentialAction\":[{\"@type\":\"ReadAction\",\"target\":[\"https:\/\/solution-machine-soft.fr\/index.php\/wfl-tour-fraiseur-multifonctions\/\"]}]},{\"@type\":\"ImageObject\",\"inLanguage\":\"fr-FR\",\"@id\":\"https:\/\/solution-machine-soft.fr\/index.php\/wfl-tour-fraiseur-multifonctions\/#primaryimage\",\"url\":\"https:\/\/solution-machine-soft.fr\/wp-content\/uploads\/2022\/03\/logo-WFL-tour-fraiseur-multifonctions-copie.jpg\",\"contentUrl\":\"https:\/\/solution-machine-soft.fr\/wp-content\/uploads\/2022\/03\/logo-WFL-tour-fraiseur-multifonctions-copie.jpg\",\"width\":800,\"height\":303},{\"@type\":\"BreadcrumbList\",\"@id\":\"https:\/\/solution-machine-soft.fr\/index.php\/wfl-tour-fraiseur-multifonctions\/#breadcrumb\",\"itemListElement\":[{\"@type\":\"ListItem\",\"position\":1,\"name\":\"Accueil\",\"item\":\"https:\/\/solution-machine-soft.fr\/\"},{\"@type\":\"ListItem\",\"position\":2,\"name\":\"WFL Tour Fraiseur Multifonctions\"}]},{\"@type\":\"WebSite\",\"@id\":\"https:\/\/solution-machine-soft.fr\/#website\",\"url\":\"https:\/\/solution-machine-soft.fr\/\",\"name\":\"Solution Machine Soft\",\"description\":\"La performance au service de votre production\",\"publisher\":{\"@id\":\"https:\/\/solution-machine-soft.fr\/#organization\"},\"potentialAction\":[{\"@type\":\"SearchAction\",\"target\":{\"@type\":\"EntryPoint\",\"urlTemplate\":\"https:\/\/solution-machine-soft.fr\/?s={search_term_string}\"},\"query-input\":{\"@type\":\"PropertyValueSpecification\",\"valueRequired\":true,\"valueName\":\"search_term_string\"}}],\"inLanguage\":\"fr-FR\"},{\"@type\":\"Organization\",\"@id\":\"https:\/\/solution-machine-soft.fr\/#organization\",\"name\":\"Solution Machine Soft\",\"url\":\"https:\/\/solution-machine-soft.fr\/\",\"logo\":{\"@type\":\"ImageObject\",\"inLanguage\":\"fr-FR\",\"@id\":\"https:\/\/solution-machine-soft.fr\/#\/schema\/logo\/image\/\",\"url\":\"\",\"contentUrl\":\"\",\"caption\":\"Solution Machine Soft\"},\"image\":{\"@id\":\"https:\/\/solution-machine-soft.fr\/#\/schema\/logo\/image\/\"}}]}<\/script>\n<!-- \/ Yoast SEO plugin. -->","yoast_head_json":{"title":"WFL Tour Fraiseur Multifonctions - Solution Machine Soft","robots":{"index":"index","follow":"follow","max-snippet":"max-snippet:-1","max-image-preview":"max-image-preview:large","max-video-preview":"max-video-preview:-1"},"canonical":"https:\/\/solution-machine-soft.fr\/index.php\/wfl-tour-fraiseur-multifonctions\/","og_locale":"fr_FR","og_type":"article","og_title":"WFL Tour Fraiseur Multifonctions - Solution Machine Soft","og_description":"WFL MILLTURN Technologies WFL, L\u2019INNOVATION AU C\u0152UR DE L\u2019ADN DE L\u2019ENTREPRISE DEPUIS PLUS DE 30 ANS. Le concept est simple, il s&rsquo;agit de proposer une machine-outil capable de r\u00e9aliser l&rsquo;ensemble des t\u00e2ches n\u00e9cessaires pour la r\u00e9alisation de votre pi\u00e8ce. Une machine pour tout faire, m\u00eame du 5-axes. https:\/\/www.youtube.com\/watch?v=-39wIGXFdWk&#038;ab_channel=WFLMillturnTechnologies WFL est","og_url":"https:\/\/solution-machine-soft.fr\/index.php\/wfl-tour-fraiseur-multifonctions\/","og_site_name":"Solution Machine Soft","article_modified_time":"2026-02-05T16:10:00+00:00","og_image":[{"width":800,"height":303,"url":"https:\/\/solution-machine-soft.fr\/wp-content\/uploads\/2022\/03\/logo-WFL-tour-fraiseur-multifonctions-copie.jpg","type":"image\/jpeg"}],"twitter_card":"summary_large_image","twitter_misc":{"Dur\u00e9e de lecture estim\u00e9e":"3 minutes"},"schema":{"@context":"https:\/\/schema.org","@graph":[{"@type":"WebPage","@id":"https:\/\/solution-machine-soft.fr\/index.php\/wfl-tour-fraiseur-multifonctions\/","url":"https:\/\/solution-machine-soft.fr\/index.php\/wfl-tour-fraiseur-multifonctions\/","name":"WFL Tour Fraiseur Multifonctions - Solution Machine Soft","isPartOf":{"@id":"https:\/\/solution-machine-soft.fr\/#website"},"primaryImageOfPage":{"@id":"https:\/\/solution-machine-soft.fr\/index.php\/wfl-tour-fraiseur-multifonctions\/#primaryimage"},"image":{"@id":"https:\/\/solution-machine-soft.fr\/index.php\/wfl-tour-fraiseur-multifonctions\/#primaryimage"},"thumbnailUrl":"https:\/\/solution-machine-soft.fr\/wp-content\/uploads\/2022\/03\/logo-WFL-tour-fraiseur-multifonctions-copie-300x114.jpg","datePublished":"2022-03-15T16:52:40+00:00","dateModified":"2026-02-05T16:10:00+00:00","breadcrumb":{"@id":"https:\/\/solution-machine-soft.fr\/index.php\/wfl-tour-fraiseur-multifonctions\/#breadcrumb"},"inLanguage":"fr-FR","potentialAction":[{"@type":"ReadAction","target":["https:\/\/solution-machine-soft.fr\/index.php\/wfl-tour-fraiseur-multifonctions\/"]}]},{"@type":"ImageObject","inLanguage":"fr-FR","@id":"https:\/\/solution-machine-soft.fr\/index.php\/wfl-tour-fraiseur-multifonctions\/#primaryimage","url":"https:\/\/solution-machine-soft.fr\/wp-content\/uploads\/2022\/03\/logo-WFL-tour-fraiseur-multifonctions-copie.jpg","contentUrl":"https:\/\/solution-machine-soft.fr\/wp-content\/uploads\/2022\/03\/logo-WFL-tour-fraiseur-multifonctions-copie.jpg","width":800,"height":303},{"@type":"BreadcrumbList","@id":"https:\/\/solution-machine-soft.fr\/index.php\/wfl-tour-fraiseur-multifonctions\/#breadcrumb","itemListElement":[{"@type":"ListItem","position":1,"name":"Accueil","item":"https:\/\/solution-machine-soft.fr\/"},{"@type":"ListItem","position":2,"name":"WFL Tour Fraiseur Multifonctions"}]},{"@type":"WebSite","@id":"https:\/\/solution-machine-soft.fr\/#website","url":"https:\/\/solution-machine-soft.fr\/","name":"Solution Machine Soft","description":"La performance au service de votre production","publisher":{"@id":"https:\/\/solution-machine-soft.fr\/#organization"},"potentialAction":[{"@type":"SearchAction","target":{"@type":"EntryPoint","urlTemplate":"https:\/\/solution-machine-soft.fr\/?s={search_term_string}"},"query-input":{"@type":"PropertyValueSpecification","valueRequired":true,"valueName":"search_term_string"}}],"inLanguage":"fr-FR"},{"@type":"Organization","@id":"https:\/\/solution-machine-soft.fr\/#organization","name":"Solution Machine Soft","url":"https:\/\/solution-machine-soft.fr\/","logo":{"@type":"ImageObject","inLanguage":"fr-FR","@id":"https:\/\/solution-machine-soft.fr\/#\/schema\/logo\/image\/","url":"","contentUrl":"","caption":"Solution Machine Soft"},"image":{"@id":"https:\/\/solution-machine-soft.fr\/#\/schema\/logo\/image\/"}}]}},"_links":{"self":[{"href":"https:\/\/solution-machine-soft.fr\/index.php\/wp-json\/wp\/v2\/pages\/5381","targetHints":{"allow":["GET"]}}],"collection":[{"href":"https:\/\/solution-machine-soft.fr\/index.php\/wp-json\/wp\/v2\/pages"}],"about":[{"href":"https:\/\/solution-machine-soft.fr\/index.php\/wp-json\/wp\/v2\/types\/page"}],"author":[{"embeddable":true,"href":"https:\/\/solution-machine-soft.fr\/index.php\/wp-json\/wp\/v2\/users\/1"}],"replies":[{"embeddable":true,"href":"https:\/\/solution-machine-soft.fr\/index.php\/wp-json\/wp\/v2\/comments?post=5381"}],"version-history":[{"count":22,"href":"https:\/\/solution-machine-soft.fr\/index.php\/wp-json\/wp\/v2\/pages\/5381\/revisions"}],"predecessor-version":[{"id":5725,"href":"https:\/\/solution-machine-soft.fr\/index.php\/wp-json\/wp\/v2\/pages\/5381\/revisions\/5725"}],"wp:attachment":[{"href":"https:\/\/solution-machine-soft.fr\/index.php\/wp-json\/wp\/v2\/media?parent=5381"}],"curies":[{"name":"wp","href":"https:\/\/api.w.org\/{rel}","templated":true}]}}